when l(-3) is divided by a(7).
38
Suppose 33*r - 3*g = 31*r + 649, 5*r = 4*g + 1619. Calculate the remainder when r is divided by 41.
36
Suppose 0 = -4*i - 2*w + 86, -5*i - 10*w + 6*w + 100 = 0. Let l = -58 - -135. Calculate the remainder when l is divided by i.
5
Suppose 3*r + 20 = -5*u, -4*r - 3 = 17. Calculate the remainder when -1*(-112 - (-4 + u - -2)) is divided by 22.
21
Let l be -4*(-3)/12 + (6 - 4). Suppose l*g + 2*k = 67, k = -3*k + 20. Calculate the remainder when g is divided by 6.
1
Let q be 6/(-5)*(25 + -10). Let s = q + 21. Suppose -592 = -s*l - 5*l. Calculate the remainder when l is divided by 25.
24
Let y(i) = -4*i**3 - 3*i - 2. Let t = -49 + 78. Let n = -16 + t. What is the remainder when y(-2) is divided by n?
10
Let g be (32/12 - 2)*6*-1. What is the remainder when 15*(6/(-18) - g) is divided by 23?
9
Let i be -1 - (-1395)/(-3)*-1. Suppose -3*p - p = -i. Suppose -4*f + 2*h - 4*h + p = 0, -130 = -5*f + 5*h. Calculate the remainder when f is divided by 15.
13
Suppose 0 = 5*v - 10, 2*v - 4*v = 4*i - 108. Calculate the remainder when i is divided by 9.
8
Suppose 3420 = 21*n - 16*n. What is the remainder when n is divided by 49?
47
Suppose 5*y - 2375 = 4*r, 2*y + 2*r = 4*y - 948. What is the remainder when y is divided by 22?
17
Suppose -9*z + 5*z = -200. Let m = -22 + 27. Suppose m*r - 3 = 4*r - 5*x, 35 = 3*r + 2*x. What is the remainder when z is divided by r?
11
Suppose 67*m = 64*m + 51. Calculate the remainder when 49 is divided by m.
15
Suppose 4*d + 83 = 3*f, 5*f = -5*d - 142 + 12. Let j = 94 - d. Calculate the remainder when j is divided by 20.
17
Calculate the remainder when -1 + 5/7 - (-244258)/3577 is divided by 2.
0
Let v = 1268 - 1218. What is the remainder when v is divided by 26?
24
Suppose -227 - 173 = -16*y. Calculate the remainder when 199 is divided by y.
24
Let t(f) = -f**2 + 28*f - 127. Let n be t(23). What is the remainder when (1/(-4)*6)/(n/80) is divided by 38/14 + (-2)/(-7)?
1
What is the remainder when 6/15*15 + 137 - 1 is divided by 4?
2
Let d(l) = l**3 + 7*l**2 + 14*l + 73. Calculate the remainder when 666 is divided by d(-6).
16
Let s(t) = 5*t - 18. Let x be s(4). Suppose -x*p + 6*p - 332 = 0. Let n = p + -49. Calculate the remainder when n is divided by 18.
16
Let s(v) = 37*v**2 - 10*v - 21. Calculate the remainder when s(-2) is divided by 75.
72
Let r = 59 - -95. Calculate the remainder when r is divided by 52.
50
Let m = -630 - -640. What is the remainder when 147 is divided by m?
7
Let d = 18 - 66. Let f = 58 + d. What is the remainder when 11 is divided by f?
1
Suppose c = -d - 4*c + 71, 2*d = -c + 142. What is the remainder when d is divided by 26?
19
Let a = 24 + 7. Suppose -5*c - 4 = -t - 3*c, -2*t - 3*c + 22 = 0. Calculate the remainder when a is divided by t.
7
Let c(z) = 187*z - 303. What is the remainder when c(3) is divided by 44?
38
Suppose -87 = 5*x - 12. Let c be 6/(-10) + 141/x. Let n = c - -22. Calculate the remainder when 34 is divided by n.
10
Let l(w) = -43*w - 9. What is the remainder when l(-2) is divided by 40?
37
Suppose 7*p + 36 = 5*p. Let l = p - -50. What is the remainder when 61 is divided by l?
29
Let d = -1 + 4. Suppose d*h + h = 160. Suppose 3*b = 4*b - 6*b + 70. Calculate the remainder when h is divided by b.
12
Suppose 13 + 1 = z - 2*f, 0 = -z + 3*f + 16. Suppose -8*o = -z*o + 6. What is the remainder when 10 is divided by -1*-3*(4 - o)?
1
Suppose -5*h + 5 = -0*h. What is the remainder when (6*7)/2 - h is divided by ((-3)/5)/((-765)/14025)?
9
Suppose 0 = -4*q + 2*z + 152, -3*q + z - 22 + 136 = 0. Calculate the remainder when q is divided by 20.
18
Let o(i) = -20*i + 6. Let r be o(-1). Let x = r + -23. Calculate the remainder when 16 is divided by x.
1
Suppose -2*m - 5*l + 24 = 0, 3*m = -5*l + 14 + 17. Let n = -21 + 21. Suppose -2*s + 2 = n, -2*t - 4*s + 57 = -s. What is the remainder when t is divided by m?
6
Let b(n) = -16*n**3 + 2*n**2 - 6*n + 4. Let y be b(2). Let k = y + 238. Calculate the remainder when k is divided by (111/6)/(1/2).
36
Let x = 769 - 720. Calculate the remainder when 342 is divided by x.
48
Let r be (-1)/(3/(-121)) + 9/(-27). Suppose 0 = 6*w - w - r. Calculate the remainder when 1*31*(-2 + 3) is divided by w.
7
Let x(j) = 10*j**2 + 3*j - 2. Let v(t) = t - 14. Let n be v(11). Let w be x(n). Let i = 136 - w. Calculate the remainder when i is divided by 15.
12
Let t = 781 - 613. What is the remainder when t is divided by 57?
54
Suppose 5*k = 184 - 19. What is the remainder when k is divided by 7?
5
Let m(r) be the third derivative of 9*r**2 - 1/120*r**6 - 7/24*r**4 + 5/6*r**3 + 3/20*r**5 + 0*r + 0. Calculate the remainder when 38 is divided by m(8).
12
Suppose 0 = -9*y + 8*y + 3. Suppose 0 = -6*f + y*f + 15. Suppose 5*d - 45 = 5*r, -5*r - f = 10. What is the remainder when 16 is divided by d?
4
What is the remainder when 127 is divided by (88/110)/(2/65)?
23
Let g(o) = 51*o - 196. What is the remainder when 13 is divided by g(4)?
5
Suppose -5*r + 2*i + 64 = 0, 0 = -4*r + 2*i + 14 + 36. Let w = -20 + 18. Calculate the remainder when 123/15*(-10)/w is divided by r.
13
Let j(m) = -2*m**2 - 86*m - 27. What is the remainder when j(-32) is divided by 98?
89
Suppose 110 = 5*k - 2*z, -3*z - 55 = 3*k - 5*k. Let q(x) = -x**2 + 26*x + 308. What is the remainder when q(32) is divided by k?
16
Let k(n) = n**2 + 4*n + 48. What is the remainder when k(0) is divided by 21?
6
Let y(t) = -2*t**3 - 2*t**2 + 2*t + 30. What is the remainder when y(0) is divided by 4?
2
Let q(s) = -s**3 - s**2 + 1. Let r(c) = 6*c**3 + 5*c - 3. Let o(n) = 5*q(n) + r(n). What is the remainder when o(4) is divided by 4?
2
What is the remainder when (368/(-88) + 4)*-2563 is divided by 36?
34
Suppose 4 = 4*u - 4. Let x(w) = -u*w + 1 + w**2 - 2 - 3*w**2 - 7*w**3. Calculate the remainder when 16 is divided by x(-1).
4
Let t be 8/(-2)*12/(-24). Suppose 5*l - 334 = x, -t*l - 3*x = x - 116. Calculate the remainder when l is divided by 17.
15
Suppose -5*b + 63 = -37. Suppose 4*u - 2 = 3*r, -3 = 2*r - 4*u + 1. Suppose f + 4 = 0, 2*f = 3*p - r*f - 130. What is the remainder when p is divided by b?
18
Suppose -6*u + 5*u - 14 = 0. Let g = u - -119. What is the remainder when g is divided by 12?
9
Suppose -4*o - 27 = -5*n + 4*n, -2*o + 123 = 3*n. Calculate the remainder when n is divided by 12.
3
Let v(z) = -z**3 + 2*z**2 - 2. Let r be v(2). What is the remainder when r - (6 - -2)/(4/(-14)) is divided by 10?
6
Let c(f) = -18*f - 7. Let x = 15 - 12. Let o(q) = -q**2 + 2*q - 1. Let k be o(x). What is the remainder when c(k) is divided by 17?
14
What is the remainder when 541 is divided by -2 + 0 + 4*90/20?
13
Let u = 105 - 80. What is the remainder when u is divided by 13?
12
Suppose 13*c + 5 = -d + 15*c, -5*d + 7 = -2*c. Let w(i) = i + 6. Let r be w(10). Let q = r - 9. What is the remainder when q is divided by d?
1
Let o(a) = a**2 + 6*a - 7. Let x(z) = -z**2 - 3*z + 2. Let n be x(-5). What is the remainder when 16 is divided by o(n)?
7
Let t(o) = 13*o**2 - 34*o. Suppose 3*i - 94 = i - 3*n, -174 = -4*i + n. What is the remainder when i is divided by t(3)?
14
Suppose 5*q - 150 = -0*q + 2*l, 4*l + 12 = q. Let o(v) = 93*v**2 + 2*v - 1. What is the remainder when o(1) is divided by q?
30
Suppose 2*o + 18 = 8*o. Suppose -g = 5*y + 5, o*g - 2*y = -2*g + 110. What is the remainder when 73 is divided by g?
13
Let b(a) = -a**3 + 6*a**2 - 4*a - 4. Let l = 1423 - 908. Calculate the remainder when l/15 - (-1)/(-3) is divided by b(4).
10
Let k = -2732 - -2825. Calculate the remainder when 296 is divided by k.
17
Suppose -7 = -2*z - 117. Let u = z - -31. Let f = u - -28. What is the remainder when 15 is divided by f?
3
Let r = 60 - 36. Let t(z) = -4*z + 14. Let a(o) = -3*o + 13. Let n(q) = 5*a(q) - 4*t(q). Calculate the remainder when r is divided by n(0).
6
Let y(l) be the second derivative of 2/3*l**3 + 0 + 0*l**2 - 5*l. Calculate the remainder when y(4) is divided by 9.
7
Let m = 37 - 32. Suppose -22 - 18 = -m*t. What is the remainder when 15 is divided by t?
7
Let b(x) = -x**3 - 8*x**2 - 2*x - 3. Let a = -3 + 6. Suppose c + 3*s = 34, 13 = 2*c + a*s - 70. What is the remainder when c is divided by b(-8)?
10
Suppose -832 = -17*t - 47*t. Calculate the remainder when 15 is divided by t.
2
Suppose -49*q + 38*q + 1